?
True
Is 3305021 prime?
False
Is 6568127 prime?
True
Is 2124719 prime?
False
Is 91393867 a composite number?
False
Is 8318465 a prime number?
False
Is 68071 a composite number?
False
Is 16871 a composite number?
False
Is 781932923 prime?
False
Is 66747233 composite?
True
Is 2835277 a prime number?
False
Is 201931217 composite?
True
Is 86564419 composite?
False
Is 30422797 a prime number?
True
Is 179700383 a prime number?
False
Is 44833247 composite?
False
Is 21384647 prime?
True
Is 677350819 prime?
False
Is 5453219 composite?
False
Is 134434117 a composite number?
False
Is 16040341 a prime number?
False
Is 4221862 a prime number?
False
Is 4270237 a prime number?
False
Is 1694617 composite?
True
Is 216864346 prime?
False
Is 4674571 a composite number?
True
Is 40062865 a composite number?
True
Is 37171781 composite?
True
Is 123339401 prime?
True
Is 2383631 prime?
True
Is 211010539 prime?
False
Is 126337 a prime number?
True
Is 769231 a composite number?
False
Is 66078989 prime?
False
Is 27195815 a prime number?
False
Is 156319 prime?
True
Is 11447483 a composite number?
False
Is 318790471 prime?
False
Is 173389259 a prime number?
False
Is 3716747 prime?
True
Is 105198501 a prime number?
False
Is 2746873 prime?
True
Is 2245358 prime?
False
Is 68780183 composite?
False
Is 17685907 prime?
False
Is 1059547 a composite number?
False
Is 498971 a prime number?
False
Is 994687 composite?
True
Is 60135481 a prime number?
False
Is 9004733 prime?
False
Is 55540897 prime?
False
Is 9920723 composite?
True
Is 151872767 a prime number?
True
Is 3407977 prime?
True
Is 34397617 composite?
True
Is 3626521 a composite number?
False
Is 3174686 a prime number?
False
Is 655159 a composite number?
True
Is 9155477 composite?
False
Is 49188759 a prime number?
False
Is 3320641 composite?
True
Is 11627549 prime?
True
Is 190212697 a composite number?
False
Is 604427 prime?
True
Is 1032817 composite?
True
Is 562481 a prime number?
False
Is 4242631 a prime number?
False
Is 1558826 a composite number?
True
Is 811403 a prime number?
False
Is 2239451 a prime number?
False
Is 15455581 a composite number?
True
Is 4728991 prime?
False
Is 114145961 a prime number?
True
Is 551339 a prime number?
True
Is 94382339 a prime number?
True
Is 48535666 a prime number?
False
Is 35767441 prime?
True
Is 99511466 a composite number?
True
Is 15506047 a composite number?
False
Is 9729017 prime?
True
Is 59131649 composite?
False
Is 2247323 prime?
False
Is 121511521 a composite number?
True
Is 15009641 a prime number?
False
Is 3423185 composite?
True
Is 129553 composite?
False
Is 1054169 a composite number?
False
Is 258949 composite?
False
Is 14018951 prime?
False
Is 560897839 a prime number?
True
Is 134083723 composite?
True
Is 2287457 prime?
False
Is 13329037 a prime number?
False
Is 1290797 composite?
True
Is 116479 prime?
False
Is 61817857 prime?
True
Is 2292629 composite?
True
Is 3026687 prime?
True
Is 43167851 a composite number?
False
Is 257669123 composite?
True
Is 1183141 a prime number?
True
Is 4636831 a prime number?
False
Is 211007 a prime number?
True
Is 69622589 composite?
False
Is 2312603 composite?
False
Is 18594623 a prime number?
True
Is 18801749 a prime number?
True
Is 18282367 composite?
True
Is 3904111 composite?
False
Is 29232829 composite?
False
Is 356215711 prime?
False
Is 528233 a prime number?
False
Is 32359063 a prime number?
False
Is 4831423 composite?
True
Is 1700729 a prime number?
True
Is 17613413 a prime number?
True
Is 1609061 prime?
True
Is 358349 composite?
False
Is 49889902 a composite number?
True
Is 57953419 a composite number?
True
Is 160447073 prime?
True
Is 101375095 a composite number?
True
Is 7051021 a composite number?
True
Is 41949121 a composite number?
True
Is 28118903 a composite number?
True
Is 4850947 a composite number?
True
Is 202957901 prime?
True
Is 773203 a composite number?
True
Is 724426 prime?
False
Is 812137 a composite number?
False
Is 1753403 prime?
True
Is 169781449 a prime number?
True
Is 72226697 composite?
False
Is 5603657 prime?
True
Is 1971737 a composite number?
True
Is 80598029 a prime number?
False
Is 4990091 prime?
True
Is 7490023 a prime number?
True
Is 110027549 prime?
True
Is 277611869 a composite number?
True
Is 20211599 composite?
True
Is 2898871 a composite number?
False
Is 3469282 prime?
False
Is 8736401 prime?
True
Is 24064637 composite?
False
Is 123417449 prime?
False
Is 1855079 a prime number?
False
Is 3653677 a composite number?
True
Is 9492373 prime?
False
Is 3313561 composite?
False
Is 2720639 prime?
False
Is 68310163 a prime number?
False
Is 374818042 composite?
True
Is 607918709 a prime number?
True
Is 6567329 prime?
False
Is 353288139 composite?
True
Is 23275643 composite?
False
Is 533959 composite?
False
Is 207584141 composite?
False
Is 996739 a prime number?
True
Is 1099831 composite?
True
Is 470677 prime?
False
Is 29979073 composite?
False
Is 216321713 a prime number?
True
Is 59611361 a prime number?
True
Is 11300251 a composite number?
False
Is 195166967 a prime number?
True
Is 64555301 a composite number?
False
Is 5140679 a prime number?
False
Is 58563667 a composite number?
True
Is 83496209 a composite number?
False
Is 53934191 prime?
True
Is 79673393 a prime number?
False
Is 13021069 prime?
True
Is 65581147 a composite number?
False
Is 29670747 a composite number?
True
Is 2089303 a composite number?
False
Is 26206337 a composite number?
True
Is 65627509 a composite number?
False
Is 51524359 prime?
True
Is 76849763 a prime number?
False
Is 3260483 a prime number?
False
Is 27862489 prime?
False
Is 1330453 a composite number?
False
Is 80554139 prime?
True
Is 710057 composite?
True
Is 645257077 a prime number?
False
Is 5875609 a composite number?
False
Is 1150518521 a prime number?
True
Is 3347033 prime?
True
Is 2037611 prime?
True
Is 3181657 prime?
True
Is 1012292869 prime?
False
Is 172783027 a composite number?
False
Is 17911571 prime?
True
Is 31006057 a prime number?
False
Is 4216787 composite?
False
Is 7976693 composite?
False
Is 191501435 a composite number?
True
Is 14228249 a prime number?
False
Is 15342809 a prime number?
False
Is 4063342 composite?
True
Is 160430923 a composite number?
False
Is 37843759 composite?
False
Is 8459301 a prime number?
False
Is 93131651 a composite number?
False
Is 196505687 a prime number?
False
Is 255529513 a prime number?
False
Is 6529457 a composite number?
True
Is 599561 a composite number?
False
Is 1538929 a composite number?
True
Is 158592547 a prime number?
True
Is 500885873 prime?
True
Is 153211549 composite?
False
Is 11594681 a prime number?
False
Is 69283649 a prime number?
True
Is 4117409 a composite number?
False
Is 683354319 composite?
True
Is 2983157 composite?
True
Is 2428991 a composite number?
False
Is 9370051 a prime number?
True
Is 204785279 a composite number?
False
Is 115082997 prime?
False
Is 10775967 a prime number?
False
Is 59183143 prime?
False
Is 1010548303 prime?
True
Is 20148523 prime?
False
Is 755911 a composite number?
True
Is 50706967 prime?
True
Is 1757033 composite?
False
Is 89153 a composite number?
False
Is 8532071 composite?
False
Is 155501 a prime number?
True
Is 59026543 a prime number?
True
Is 14677483 prime?
True
Is 13114289 composite?
True
Is 155009 a prime number?
True
Is 1845289 a prime number?
True
Is 4611683 a composite number?
False
Is 1553315 a composite number?
True
Is 4041557 composite?
True
Is 261135597 prime?
False
Is 67806949 a composite number?
True
Is 5899681 composite?
False
Is 23113343 prime?
False
Is 31545211 a prime number?
True
Is 5499001 a prime number?
False
Is 453449 a prime number?
False
Is 32760941 prime?
True
Is 119739211 a composite number?
True
Is 384477 prime?
False
Is 6217723 a composite number?
True
Is 27632047 prime?
True
Is 45706669 prime?
True
Is 1302017 a prime number?
True
Is 430532833 a prime number?
False
Is 584921 composite?
True
Is 1216337 a composite number?
False
Is 3513859 prime?
True
Is 6567551 prime?
False
Is 12401287 prime?
True
Is 9115409 composite?
True
Is 1675229 composite?
True
Is 24721199 prime?
True
Is 369599821 a prime number?
True
Is 99445 composite?
True
Is 378709241 a composite number?
False
Is 14674747 a prime number?
True
Is 472048763 prime?
True
Is 76273039 composite?
True